-4*f - 2*a + 24. Let o be 444/14 - (47/7 - f). Suppose -o*k + 36*k = 616. What is the tens digit of k?
5
Let q be (-10)/(-4)*(0 + 2). Let w(u) = 98*u - 31. What is the hundreds digit of w(q)?
4
Suppose -27*k = -34*k + 42. Let x(i) = 22*i**2 + 2*i + 11. Let d be x(k). Suppose 0 = -11*z + 6*z + d. What is the tens digit of z?
6
Let i be 0 + 0 + 30 + -771. Let v = -456 - i. What is the hundreds digit of v?
2
Let s(g) = -g**2 - 15*g - 6. Let n(u) = -u**2 + 7*u - 4. Let i be n(5). Suppose -i*w - 27 - 15 = 0. What is the tens digit of s(w)?
5
What is the units digit of 10319 + (8 - (42 + 2)/4)?
6
Let r(x) = x**2 + 17*x + 38. Let u be r(-20). Let b = u + -55. Let v = b + 108. What is the hundreds digit of v?
1
Let w(s) = -s**3 - 5*s**2 + s + 3. Let m be w(-5). Let u be ((-5)/(-10))/((-11)/6 - m). What is the tens digit of 93/u - ((4 - 7) + 1)?
3
Let c = 4160 - 1896. What is the tens digit of c?
6
Suppose -1425160 - 485829 = -69*w + 2076797. What is the units digit of w?
4
Suppose -21*k + 44 = 2. What is the units digit of ((-42)/(-20) - k) + (-4659)/(-10)?
6
What is the hundreds digit of 46961 - (-25 + 36) - (1 + -2)?
9
Let f(d) be the second derivative of d**4/4 + d**3 - 27*d**2/2 + d. Let v be ((-6)/((-96)/(-20)))/(3/((-432)/30)). What is the units digit of f(v)?
7
Let b(c) = -3*c + 20. Let h(g) = 2*g + 24. Let n be h(-14). Let s(r) = -r**2 + 7*r + 21. Let d be s(n). What is the tens digit of b(d)?
8
Suppose 3*u = 12248 + 6745. What is the tens digit of u?
3
Let m = -66167 + 130564. What is the units digit of m?
7
Let x = -25 + 28. Let u be -5 + x/3 - -8. What is the units digit of (-105)/(-10) - 6/u?
9
Let h(o) = -42 + 30*o + 33 - 39. Let s be h(17). Let t = s + -246. What is the hundreds digit of t?
2
Let h(v) = 59*v - 25. Let m be h(7). Suppose 2*a - n = n + 198, 4*a - m = 2*n. What is the tens digit of a?
9
Let m = -82 - -95. Suppose m*k = 7*k + 6. Let q(x) = 130*x**3 + 2*x**2 - 3*x + 2. What is the units digit of q(k)?
1
Let o(z) = z**3 - 26*z**2 + z - 16. Let j be o(26). Let u(w) = 47*w + 49. What is the tens digit of u(j)?
1
Let l = 2431 + -621. Suppose -4*r + 2*j = -l, r + 1360 = 4*r + j. What is the units digit of r?
3
Suppose 0*n - 2*r - 1 = n, 0 = n - 4*r - 23. Let z = -5 + n. What is the units digit of (830/(-20))/(2/(-8)*z)?
3
Let f be 296/3*(-6)/(-4). Let m be -5*4/(-30) - 751/(-3). Let q = m - f. What is the units digit of q?
3
Suppose 4*u + 49*u = u + 2008292. What is the thousands digit of u?
8
Let d be 1*((-975)/60 + (-3)/4). Let p(o) = o**2 + 3*o + 69. What is the hundreds digit of p(d)?
3
Suppose 3*z - 5*z - 105608 = -5*r, -3*r - z + 63367 = 0. What is the tens digit of r?
2
Let m(r) = 13*r**2 + 3*r - 1. Suppose -2*g + 40 = 8*g. Suppose -12 = g*o + 2*p, 0*o + 3*o - 3*p = -9. What is the hundreds digit of m(o)?
1
Let p(k) = 17*k. Let a(x) be the first derivative of -341*x**2/2 + 26. Let l(v) = 6*a(v) + 121*p(v). What is the tens digit of l(22)?
4
Let x be (-100)/(-15) - 2/3. Let o = x - 1. Suppose -3*d - 673 = -o*t - 0*t, 3*t - 4*d = 395. What is the units digit of t?
7
Let j = -18289 + 29044. What is the units digit of j?
5
Suppose 0 = 2*x - 3*z + 4*z - 12, 3*x = -5*z + 32. Suppose 3*u = -5*y - 0*y + 895, -2*y + 332 = -x*u. What is the tens digit of y?
7
What is the thousands digit of (1/((-4)/30))/(130/(-355420)) + -7?
0
Let t(i) = 16*i**2 - 11*i - 1044. What is the thousands digit of t(37)?
0
Let a be (81/(-6))/(-3)*(-5)/30*12. Let t(b) = 2*b**3 + 11*b**2 + 0 - 11 + 9*b**2 - 3*b. What is the hundreds digit of t(a)?
1
Let q(o) = 9*o**2 - 21*o + 21. Let s(v) = -4*v**2 - v + 1. Let p(w) = q(w) - 2*s(w). What is the thousands digit of p(9)?
1
Let t be (-1 + 35/25)*1410. Let n = t - 183. What is the hundreds digit of n?
3
Suppose -33*v + 7*v = 19*v - 442980. What is the hundreds digit of v?
8
Let n(o) be the first derivative of -3*o**3 - 5*o**2/2 - 3*o + 10. Let a(i) = -i - 1. Let m(j) = 3*a(j) - n(j). What is the units digit of m(3)?
7
What is the ten thousands digit of 8/(-10) + 3620289/305?
1
Suppose 332 + 1188 = 2*j - 3*d, 2*d + 3800 = 5*j. Let l = 20 + j. What is the hundreds digit of l?
7
Let w = -12615 - -14257. What is the tens digit of w?
4
Let p be 7 + (-50)/16 - (-2)/16. Suppose -5*c + p*x = -4317, 0 = 3*c - 0*c - 4*x - 2587. What is the tens digit of c?
6
Let r be (570/(-25))/(2/(-50)). Suppose 5*o = s + 1471, -3*o = -5*o + 5*s + r. Suppose 2*c + l - o = 0, 2*c - 4*l = -82 + 362. What is the tens digit of c?
4
Suppose 4*g - 282 - 136 = -y, 6 = -3*y. Let l be (-3 - (-1 + -1))*(1 + 24). Let r = l + g. What is the units digit of r?
0
Let g(i) = 3*i**3 + 2*i**2 - i - 3. Let z(r) = -r**3 - 3*r**2 + 11*r - 5. Let x be z(-5). Let l = 13 + x. What is the units digit of g(l)?
3
What is the thousands digit of (-1 - 0)*(-3)/(-6) - (-2562150)/620?
4
Suppose -5*b + b = -3*b. Suppose 83*f - 79*f - 12 = b. Suppose -f*q + 2*p + 179 = 0, 5*q - 4*p = 290 + 5. What is the units digit of q?
3
Let q = 55 - 81. Let h(i) = -4*i**3 - 4*i**2 - 3*i - 19. Let g be h(-3). Let c = g + q. What is the tens digit of c?
3
Let i = -1780 - -882. Let k = -634 - i. Suppose f - 41 = -4*j, -k = -2*f - 2*f + 4*j. What is the units digit of f?
1
Suppose 10 = 17*s - 15*s. Suppose s*m + 2*k = m + 1566, -3*m + 5*k + 1155 = 0. What is the hundreds digit of m?
3
Suppose -1030 = -14*m + 902. Let c(h) = 39*h + 1. Let w be c(1). Let j = m - w. What is the tens digit of j?
9
Suppose 368 = 34*o + 58*o. Let m = 204 - 32. Suppose -m - 288 = -o*x. What is the tens digit of x?
1
Let u(g) = -g**3 - 10*g**2 - 15*g + 3. Let z be u(-8). What is the units digit of -10 - z - 34/(-1)?
9
Let u = 3663 + -2172. Suppose 0 = 3*x + 5*o - u, 4*o + 709 = -3*x + 2200. What is the hundreds digit of x?
4
Suppose -x = -t - 3, -4*t + 1 = -t + 2*x. Let w be (-1)/t + 3 + -2 + -3. Let r(m) = 133*m**2 + 6*m + 6. What is the hundreds digit of r(w)?
1
Let r(t) = 2*t**3 + 70*t**2 + 68*t + 16. Let j be r(-34). Suppose 0 = j*m - 2346 - 710. What is the units digit of m?
1
Suppose -2*r + 2379 - 353 = 2*i, -8*r - 5117 = -5*i. What is the tens digit of i?
1
Suppose -4*b = -5*i - 271 + 104, -2*b + 4*i + 76 = 0. Suppose 11*j - 13*j + b = 0. What is the tens digit of j?
2
Suppose 5*y - 5*p = -115, 2*y + p + 3*p = -76. Let g be (-6)/(-45) - y/15. Suppose -g*d - 68 = -2*q, -q + 2*d = -19 - 17. What is the tens digit of q?
3
Suppose -125660*n = -125658*n - 13962. What is the tens digit of n?
8
Let i(n) = -1098*n + 2374. What is the hundreds digit of i(-6)?
9
Let j(k) = -142*k - 242. Let a be 48/(-8) - -5 - 8. What is the hundreds digit of j(a)?
0
Suppose 3*d - 8*d - 5 = 0. Let r be d/((-3 - (-158)/26) + -3). What is the tens digit of (19392/(-52))/(-6) + 2/r?
6
Let x(a) = a**2 - 61*a + 67. Let r be x(57). What is the units digit of 4/14 + (-136643)/r?
9
Let x(o) be the first derivative of -16*o**2 - 18*o - 39. Suppose 0*g - 4 = g. What is the tens digit of x(g)?
1
Let h(m) be the second derivative of 5*m**3/6 + 15*m**2/2 + 257*m. Let b(p) = -p**2 + 6*p + 11. Let f be b(7). What is the units digit of h(f)?
5
Let v(x) = 23*x**2 - 431*x - 18. What is the units digit of v(36)?
4
What is the ten thousands digit of 18/((-648)/368796)*-3?
3
What is the ten thousands digit of -1 - 244*123/12*-13?
3
Let a(x) = -6*x**2 + 5*x + 9. Let g(h) = 0 + 12*h**2 - 5*h**2 - 12 + 2 - 5*h. Let p(i) = -6*a(i) - 5*g(i). What is the tens digit of p(-4)?
3
Suppose 544*n + 1155 = 541*n. Let c = 318 - n. What is the units digit of c?
3
Let z = 3960 + 7797. What is the hundreds digit of z?
7
Let y = -455 - -783. Let c = 532 - y. What is the units digit of c?
4
Let y(d) = -2*d**3 + 2*d**2 + 3*d + 2. Suppose 5*o - 70 = 5*h, h + 29 = 2*o + 2*o. Let k = -10 - h. What is the units digit of y(k)?
3
Let w(f) = -3 + 11 - 656*f + 478*f - 1. What is the hundreds digit of w(-1)?
1
Suppose 0 = 2*l + 5*l - 19929 - 16303. What is the units digit of l?
6
Let w(v) = -10*v - 165. Let z be w(-19). Suppose 22*y + 1392 = z*y. What is the units digit of y?
4
Suppose 23*s - 50815 = s + 66841. What is the units digit of s?
8
Let o(d) = 1473*d + 14089. What is the thousands digit of o(45)?
0
Let n be (4/(-10))/(1/515). Let a be (6*(-12)/(-48))/(1/(-20)). What is the tens digit of n/(-3)*(-45)/a?
0
Let j(y) be the second derivative of 29*y + 1/6*y**4 + y**3 + 